[INFO] fetching crate serde_derive_state 0.4.10...
[INFO] checking serde_derive_state-0.4.10 against master#9610dfe5a9a731ced1ea4923ecbd0c57fe367898 for beta-170-4
[INFO] extracting crate serde_derive_state 0.4.10 into /workspace/builds/worker-5-tc1/source
[INFO] validating manifest of crates.io crate serde_derive_state 0.4.10 on toolchain 9610dfe5a9a731ced1ea4923ecbd0c57fe367898
[INFO] running `Command { std: CARGO_HOME="/workspace/cargo-home" RUSTUP_HOME="/workspace/rustup-home" "/workspace/cargo-home/bin/cargo" "+9610dfe5a9a731ced1ea4923ecbd0c57fe367898" "metadata" "--manifest-path" "Cargo.toml" "--no-deps", kill_on_drop: false }`
[INFO] started tweaking crates.io crate serde_derive_state 0.4.10
[INFO] finished tweaking crates.io crate serde_derive_state 0.4.10
[INFO] tweaked toml for crates.io crate serde_derive_state 0.4.10 written to /workspace/builds/worker-5-tc1/source/Cargo.toml
[INFO] running `Command { std: CARGO_HOME="/workspace/cargo-home" RUSTUP_HOME="/workspace/rustup-home" __CARGO_TEST_CHANNEL_OVERRIDE_DO_NOT_USE_THIS="nightly" "/workspace/cargo-home/bin/cargo" "+9610dfe5a9a731ced1ea4923ecbd0c57fe367898" "generate-lockfile" "--manifest-path" "Cargo.toml" "-Zno-index-update", kill_on_drop: false }`
[INFO] running `Command { std: CARGO_HOME="/workspace/cargo-home" RUSTUP_HOME="/workspace/rustup-home" "/workspace/cargo-home/bin/cargo" "+9610dfe5a9a731ced1ea4923ecbd0c57fe367898" "fetch" "--manifest-path" "Cargo.toml", kill_on_drop: false }`
[INFO] running `Command { std: "docker" "create" "-v" "/var/lib/crater-agent-workspace/builds/worker-5-tc1/target:/opt/rustwide/target:rw,Z" "-v" "/var/lib/crater-agent-workspace/builds/worker-5-tc1/source:/opt/rustwide/workdir:ro,Z" "-v" "/var/lib/crater-agent-workspace/cargo-home:/opt/rustwide/cargo-home:ro,Z" "-v" "/var/lib/crater-agent-workspace/rustup-home:/opt/rustwide/rustup-home:ro,Z" "-e" "SOURCE_DIR=/opt/rustwide/workdir" "-e" "CARGO_TARGET_DIR=/opt/rustwide/target" "-e" "CARGO_HOME=/opt/rustwide/cargo-home" "-e" "RUSTUP_HOME=/opt/rustwide/rustup-home" "-w" "/opt/rustwide/workdir" "-m" "1610612736" "--user" "0:0" "--network" "none" "ghcr.io/rust-lang/crates-build-env/linux@sha256:19e73879b68f455e41552ea35293514db52ea292d993f571636dbffedb77a1ee" "/opt/rustwide/cargo-home/bin/cargo" "+9610dfe5a9a731ced1ea4923ecbd0c57fe367898" "metadata" "--no-deps" "--format-version=1", kill_on_drop: false }`
[INFO] [stdout] 6eda64a2ed92d3fc3231ff0390d74dc7b89f659681a14ffe4c987f6e2924412f
[INFO] running `Command { std: "docker" "start" "-a" "6eda64a2ed92d3fc3231ff0390d74dc7b89f659681a14ffe4c987f6e2924412f", kill_on_drop: false }`
[INFO] running `Command { std: "docker" "inspect" "6eda64a2ed92d3fc3231ff0390d74dc7b89f659681a14ffe4c987f6e2924412f", kill_on_drop: false }`
[INFO] running `Command { std: "docker" "rm" "-f" "6eda64a2ed92d3fc3231ff0390d74dc7b89f659681a14ffe4c987f6e2924412f", kill_on_drop: false }`
[INFO] [stdout] 6eda64a2ed92d3fc3231ff0390d74dc7b89f659681a14ffe4c987f6e2924412f
[INFO] running `Command { std: "docker" "create" "-v" "/var/lib/crater-agent-workspace/builds/worker-5-tc1/target:/opt/rustwide/target:rw,Z" "-v" "/var/lib/crater-agent-workspace/builds/worker-5-tc1/source:/opt/rustwide/workdir:ro,Z" "-v" "/var/lib/crater-agent-workspace/cargo-home:/opt/rustwide/cargo-home:ro,Z" "-v" "/var/lib/crater-agent-workspace/rustup-home:/opt/rustwide/rustup-home:ro,Z" "-e" "SOURCE_DIR=/opt/rustwide/workdir" "-e" "CARGO_TARGET_DIR=/opt/rustwide/target" "-e" "CARGO_INCREMENTAL=0" "-e" "RUST_BACKTRACE=full" "-e" "RUSTFLAGS=--cap-lints=forbid" "-e" "RUSTDOCFLAGS=--cap-lints=forbid" "-e" "CARGO_HOME=/opt/rustwide/cargo-home" "-e" "RUSTUP_HOME=/opt/rustwide/rustup-home" "-w" "/opt/rustwide/workdir" "-m" "1610612736" "--user" "0:0" "--network" "none" "ghcr.io/rust-lang/crates-build-env/linux@sha256:19e73879b68f455e41552ea35293514db52ea292d993f571636dbffedb77a1ee" "/opt/rustwide/cargo-home/bin/cargo" "+9610dfe5a9a731ced1ea4923ecbd0c57fe367898" "check" "--frozen" "--all" "--all-targets" "--message-format=json", kill_on_drop: false }`
[INFO] [stdout] 411d810faeeb9a3c454e63746c337c7dd47ae5c96db3627540232aead09fc2da
[INFO] running `Command { std: "docker" "start" "-a" "411d810faeeb9a3c454e63746c337c7dd47ae5c96db3627540232aead09fc2da", kill_on_drop: false }`
[INFO] [stderr]    Compiling serde v1.0.163
[INFO] [stderr]    Compiling serde_derive_state v0.4.10 (/opt/rustwide/workdir)
[INFO] [stderr]     Checking proc-macro2 v1.0.59
[INFO] [stderr]     Checking quote v1.0.28
[INFO] [stderr]     Checking syn v1.0.109
[INFO] [stdout] warning: function `deserialize_tuple_in_place` is never used
[INFO] [stdout]    --> src/de.rs:579:4
[INFO] [stdout]     |
[INFO] [stdout] 579 | fn deserialize_tuple_in_place(
[INFO] [stdout]     |    ^^^^^^^^^^^^^^^^^^^^^^^^^^
[INFO] [stdout]     |
[INFO] [stdout]     = note: `#[warn(dead_code)]` on by default
[INFO] [stdout] 
[INFO] [stdout] 
[INFO] [stdout] warning: function `deserialize_seq_in_place` is never used
[INFO] [stdout]    --> src/de.rs:762:4
[INFO] [stdout]     |
[INFO] [stdout] 762 | fn deserialize_seq_in_place(
[INFO] [stdout]     |    ^^^^^^^^^^^^^^^^^^^^^^^^
[INFO] [stdout] 
[INFO] [stdout] 
[INFO] [stdout] warning: function `deserialize_newtype_struct_in_place` is never used
[INFO] [stdout]    --> src/de.rs:888:4
[INFO] [stdout]     |
[INFO] [stdout] 888 | fn deserialize_newtype_struct_in_place(params: &Parameters, field: &Field) -> TokenStream {
[INFO] [stdout]     |    ^^^^^^^^^^^^^^^^^^^^^^^^^^^^^^^^^^^
[INFO] [stdout] 
[INFO] [stdout] 
[INFO] [stdout] warning: function `deserialize_struct_in_place` is never used
[INFO] [stdout]     --> src/de.rs:1082:4
[INFO] [stdout]      |
[INFO] [stdout] 1082 | fn deserialize_struct_in_place(
[INFO] [stdout]      |    ^^^^^^^^^^^^^^^^^^^^^^^^^^^
[INFO] [stdout] 
[INFO] [stdout] 
[INFO] [stdout] warning: function `deserialize_struct_as_struct_in_place_visitor` is never used
[INFO] [stdout]     --> src/de.rs:2687:4
[INFO] [stdout]      |
[INFO] [stdout] 2687 | fn deserialize_struct_as_struct_in_place_visitor(
[INFO] [stdout]      |    ^^^^^^^^^^^^^^^^^^^^^^^^^^^^^^^^^^^^^^^^^^^^^
[INFO] [stdout] 
[INFO] [stdout] 
[INFO] [stdout] warning: function `deserialize_map_in_place` is never used
[INFO] [stdout]     --> src/de.rs:2721:4
[INFO] [stdout]      |
[INFO] [stdout] 2721 | fn deserialize_map_in_place(
[INFO] [stdout]      |    ^^^^^^^^^^^^^^^^^^^^^^^^
[INFO] [stdout] 
[INFO] [stdout] 
[INFO] [stdout] warning: method `in_place` is never used
[INFO] [stdout]     --> src/de.rs:3136:8
[INFO] [stdout]      |
[INFO] [stdout] 3135 | impl<'a> DeImplGenerics<'a> {
[INFO] [stdout]      | --------------------------- method in this implementation
[INFO] [stdout] 3136 |     fn in_place(self) -> InPlaceImplGenerics<'a> {
[INFO] [stdout]      |        ^^^^^^^^
[INFO] [stdout] 
[INFO] [stdout] 
[INFO] [stdout] warning: method `in_place` is never used
[INFO] [stdout]     --> src/de.rs:3190:8
[INFO] [stdout]      |
[INFO] [stdout] 3189 | impl<'a> DeTypeGenerics<'a> {
[INFO] [stdout]      | --------------------------- method in this implementation
[INFO] [stdout] 3190 |     fn in_place(self) -> InPlaceTypeGenerics<'a> {
[INFO] [stdout]      |        ^^^^^^^^
[INFO] [stdout] 
[INFO] [stdout] 
[INFO] [stdout] warning: 8 warnings emitted
[INFO] [stdout] 
[INFO] [stdout] 
[INFO] [stdout] error[E0599]: no variant or associated item named `__TestExhaustive` found for enum `syn::Type` in the current scope
[INFO] [stdout]    --> src/bound.rs:188:28
[INFO] [stdout]     |
[INFO] [stdout] 188 |                 syn::Type::__TestExhaustive(_) => unimplemented!(),
[INFO] [stdout]     |                            ^^^^^^^^^^^^^^^^ variant or associated item not found in `syn::Type`
[INFO] [stdout] 
[INFO] [stdout] 
[INFO] [stdout] error[E0599]: no variant or associated item named `__TestExhaustive` found for enum `syn::Type` in the current scope
[INFO] [stdout]     --> src/internals/attr.rs:2074:20
[INFO] [stdout]      |
[INFO] [stdout] 2074 |         syn::Type::__TestExhaustive(_) => unimplemented!(),
[INFO] [stdout]      |                    ^^^^^^^^^^^^^^^^ variant or associated item not found in `syn::Type`
[INFO] [stdout] 
[INFO] [stdout] 
[INFO] [stdout] error[E0599]: no variant or associated item named `__TestExhaustive` found for enum `syn::Type` in the current scope
[INFO] [stdout]    --> src/internals/receiver.rs:151:19
[INFO] [stdout]     |
[INFO] [stdout] 151 |             Type::__TestExhaustive(_) => unimplemented!(),
[INFO] [stdout]     |                   ^^^^^^^^^^^^^^^^ variant or associated item not found in `syn::Type`
[INFO] [stdout] 
[INFO] [stdout] 
[INFO] [stdout] error: aborting due to 3 previous errors
[INFO] [stdout] 
[INFO] [stdout] 
[INFO] [stdout] For more information about this error, try `rustc --explain E0599`.
[INFO] [stdout] 
[INFO] [stderr] error: could not compile `serde_derive_state` (lib test) due to 4 previous errors
[INFO] running `Command { std: "docker" "inspect" "411d810faeeb9a3c454e63746c337c7dd47ae5c96db3627540232aead09fc2da", kill_on_drop: false }`
[INFO] running `Command { std: "docker" "rm" "-f" "411d810faeeb9a3c454e63746c337c7dd47ae5c96db3627540232aead09fc2da", kill_on_drop: false }`
[INFO] [stdout] 411d810faeeb9a3c454e63746c337c7dd47ae5c96db3627540232aead09fc2da
